composite number?
True
Is 5557 a composite number?
False
Is 62 a prime number?
False
Is 6043 prime?
True
Is 985213 composite?
False
Is 15955 prime?
False
Is 10171 a prime number?
False
Is 17707 a composite number?
False
Is 76495 prime?
False
Is 69191 a composite number?
False
Is 203 prime?
False
Is 4417471 prime?
True
Is 3991 prime?
False
Is 5689967 composite?
False
Is 40231 a prime number?
True
Is 36209 a composite number?
False
Is 10427 composite?
False
Is 71871 a composite number?
True
Is 4315 composite?
True
Is 59845 a composite number?
True
Is 105119 a prime number?
False
Is 2161 prime?
True
Is 1700597 prime?
False
Is 149263 composite?
True
Is 249367 a prime number?
True
Is 647639 composite?
True
Is 52763 a prime number?
False
Is 32999 composite?
False
Is 313259 a composite number?
True
Is 465151 a prime number?
True
Is 155 composite?
True
Is 27983 composite?
False
Is 149 prime?
True
Is 20419 composite?
True
Is 53503 a composite number?
False
Is 3839 prime?
False
Is 793327 a composite number?
False
Is 1861 composite?
False
Is 11945 a composite number?
True
Is 4645 prime?
False
Is 377497 a prime number?
False
Is 82781 a composite number?
False
Is 4349 a prime number?
True
Is 362801 a composite number?
False
Is 175157 prime?
False
Is 442003 composite?
False
Is 26479 composite?
False
Is 6493 prime?
False
Is 236137 a prime number?
False
Is 195677 prime?
True
Is 317149 a composite number?
True
Is 24331 a composite number?
True
Is 38593 composite?
False
Is 24359 a prime number?
True
Is 1313041 prime?
True
Is 758 a prime number?
False
Is 199247 composite?
False
Is 3209 composite?
False
Is 12449 composite?
True
Is 29471 prime?
False
Is 47693 a composite number?
True
Is 265919 composite?
True
Is 166949 prime?
True
Is 70639 composite?
False
Is 30593 a composite number?
False
Is 85487 prime?
True
Is 12247 composite?
True
Is 2449133 prime?
True
Is 1087 composite?
False
Is 630713 a prime number?
True
Is 51749 composite?
False
Is 208381 a prime number?
False
Is 1025503 composite?
False
Is 5089 a prime number?
False
Is 1687 a composite number?
True
Is 463093 a prime number?
True
Is 18899 a prime number?
True
Is 1002191 a composite number?
False
Is 396607 a composite number?
True
Is 359311 composite?
False
Is 30737 a composite number?
True
Is 1621559 a prime number?
True
Is 18287 a composite number?
False
Is 900217 composite?
False
Is 12223 a composite number?
True
Is 84433 a composite number?
True
Is 44279 a composite number?
False
Is 13031 composite?
True
Is 853979 composite?
True
Is 89129 prime?
False
Is 2113949 a prime number?
True
Is 153733 a prime number?
True
Is 296627 prime?
True
Is 7142 prime?
False
Is 94679 composite?
True
Is 1097869 a prime number?
True
Is 690869 a prime number?
True
Is 517061 prime?
True
Is 2818 a prime number?
False
Is 897659 a prime number?
False
Is 12031 composite?
True
Is 210935 prime?
False
Is 72533 a composite number?
False
Is 4001269 a prime number?
True
Is 110917 a prime number?
True
Is 13801 prime?
False
Is 6989 prime?
False
Is 70571 prime?
True
Is 112967 composite?
False
Is 9383 prime?
False
Is 681389 prime?
False
Is 485383 composite?
False
Is 195557 a composite number?
True
Is 854107 composite?
True
Is 16753 prime?
False
Is 899 a prime number?
False
Is 992803 prime?
False
Is 90583 a prime number?
True
Is 33407 a prime number?
False
Is 24143 a prime number?
False
Is 34841 a prime number?
True
Is 206027 a prime number?
True
Is 36973 prime?
True
Is 1580387 a composite number?
False
Is 24253 a prime number?
False
Is 1801 a prime number?
True
Is 2249023 a composite number?
True
Is 4661 a composite number?
True
Is 810499 a prime number?
False
Is 32649 prime?
False
Is 217717 composite?
False
Is 1862857 composite?
False
Is 13429 composite?
True
Is 5147 prime?
True
Is 32027 composite?
False
Is 11579 a composite number?
False
Is 7403 composite?
True
Is 152183 a composite number?
False
Is 273893 a prime number?
False
Is 383459 prime?
True
Is 53821 prime?
False
Is 21883 a composite number?
True
Is 424961 composite?
False
Is 2609 a composite number?
False
Is 28349 a prime number?
True
Is 25697 a prime number?
False
Is 77537 a composite number?
True
Is 331307 a composite number?
False
Is 163247 a prime number?
False
Is 557993 a prime number?
False
Is 7283 a prime number?
True
Is 20714 a prime number?
False
Is 543961 a prime number?
False
Is 18839 a prime number?
True
Is 6255989 a composite number?
False
Is 1215511 a composite number?
True
Is 57237 a composite number?
True
Is 1061 a composite number?
False
Is 244157 a prime number?
True
Is 77921 a composite number?
True
Is 3475543 a prime number?
True
Is 52477 prime?
False
Is 82651 composite?
False
Is 2357 a composite number?
False
Is 193649 prime?
True
Is 1361 prime?
True
Is 5155 prime?
False
Is 13589 composite?
True
Is 20161 prime?
True
Is 3401 prime?
False
Is 28757 composite?
True
Is 423649 a prime number?
True
Is 6743 a composite number?
True
Is 8939 a composite number?
True
Is 44827 a composite number?
True
Is 533 composite?
True
Is 193447 a prime number?
True
Is 5059 a prime number?
True
Is 241543 prime?
True
Is 51239 composite?
False
Is 11239 prime?
True
Is 102841 composite?
False
Is 129487 a prime number?
False
Is 2913703 a composite number?
True
Is 98369 composite?
False
Is 120851 composite?
False
Is 180809 prime?
False
Is 41878 a prime number?
False
Is 5077 a composite number?
False
Is 419721 a prime number?
False
Is 329333 composite?
False
Is 357767 prime?
True
Is 112663 a prime number?
True
Is 414131 composite?
False
Is 7509 a prime number?
False
Is 2363021 a prime number?
True
Is 589001 prime?
False
Is 889 a prime number?
False
Is 32531 composite?
False
Is 11399 a prime number?
True
Is 407 a composite number?
True
Is 1049 prime?
True
Is 6485 composite?
True
Is 103771 composite?
True
Is 1727 a composite number?
True
Is 14785 a prime number?
False
Is 10331 composite?
False
Is 90659 prime?
True
Is 27957 prime?
False
Is 921941 a prime number?
False
Is 221349 prime?
False
Is 12323 a composite number?
False
Is 4425329 a prime number?
True
Is 328201 a composite number?
True
Is 242751 a prime number?
False
Is 16601 a composite number?
True
Is 49319 prime?
False
Is 120541 a prime number?
False
Is 147311 composite?
False
Is 4637 composite?
False
Is 70571 a prime number?
True
Is 269 a prime number?
True
Is 1344473 prime?
False
Is 318827 a composite number?
True
Is 31877 composite?
True
Is 990965 a composite number?
True
Is 307189 a composite number?
False
Is 122 a composite number?
True
Is 33791 a composite number?
False
Is 11401 prime?
False
Is 29753 composite?
False
Is 13751 a prime number?
True
Is 1637 a prime number?
True
Is 171067 a composite number?
True
Is 24011 prime?
False
Is 27329 composite?
False
Is 693973 a prime number?
False
Is 35347 a composite number?
True
Is 22179 composite?
True
Is 39329 a composite number?
True
Is 15629 composite?
False
Is 8389 a composite number?
False
Is 57553 composite?
True
Is 572543 a composite number?
True
Is 13291 prime?
True
Is 5113 composite?
False
Is 33791 composite?
False
Is 1163 composite?
False
Is 84691 a composite number?
False
Is 387445 a composite number?
True
Is 186553 composite?
True
Is 43315 a composite number?
True
Is 644549 a composite number?
False
Is 787 composite?
False
Is 496567 a prime number?
False
Is 52609 a composite number?
False
Is 2909 prime?
True
Is 2189 composite?
True
Is 2054119 a prime number?
False
Is 11017 a composite number?
True
Is 12757 prime?
True
Is 11057 a composite number?
False
Is 731 a composite number?
True
Is 319173 composite?
True
Is 42593 prime?
False
Is 286453 composite?
False
Is 14939 prime?
True
Is 139921 composite?
False
Is 3635 a prime number?
False
Is 101863 a prime number?
True
Is 36787 prime?
True
Is 1569149 a prime number?
True
Is 1459 composite?
False
Is 12286 a composite number?
True
Is 3641 a composite number?
True
Is 21377 a prime number?
True
Is 797 a composite number?
False
Is 55795 a composite number?
True
Is 11183 prime?
False
Is 944079 prime?
False
Is 79 a composite number?
False
Is 471353 prime?
True
Is 270245 a composite number?
True
Is 2755373 a prime number?
False
Is 2494537 prime?
True
Is 6559 a prime number?
False
Is 62173 a composite number?
True
Is 22471 prime?
